e prime factors of b.
2
List the prime factors of 323752/66 + (-3)/9.
3, 5, 109
Suppose -570 + 1740 = 9*k. What are the prime factors of k?
2, 5, 13
Suppose -4*l - 3*g + 27 = -9, 2*l + 3*g - 12 = 0. Suppose -4*h - l = 5*b - b, h = -2*b - 1. Suppose o - b*o = -29. List the prime factors of o.
29
Suppose -3*j = q - 15, q - 3*q = -3*j + 15. Suppose 4*m - 297 = -j*l, 5*m - 8 = -3*l + 178. List the prime factors of l.
3, 19
Let s be ((-25)/(-20))/((-2)/(-8)). Let f(w) = -9*w**3 - 5*w**2 - 7*w - 6. Let c be f(-2). Suppose c = -s*x + 265. What are the prime factors of x?
41
Suppose 2*o = -2*o. Suppose o = -y - v + 4, 3*y - 5*v - 2 = 2. Suppose 0*s + 5*a + 11 = y*s, -3 = s + 5*a. List the prime factors of s.
2
Let w(r) = r**3 + 8*r**2 + 5*r + 10. Let z be w(-6). Suppose 60 - 198 = 5*b + u, -57 = 2*b + u. Let j = b + z. What are the prime factors of j?
5
Let k = 1759 + -143. What are the prime factors of k?
2, 101
Suppose 2*h + 166 = 4*v, -3*v - 5*h + 112 = 20. List the prime factors of v.
3, 13
List the prime factors of 15/70*-2 - (-364384)/112.
3253
Suppose 17 - 228 = -f. Let u = f - 139. List the prime factors of u.
2, 3
Let j = -1729 - -2954. What are the prime factors of j?
5, 7
Let z(w) = -w**2 - 5*w + 947. What are the prime factors of z(0)?
947
Let m = 15 + -15. Suppose -3*f - 2*s + 321 = m, 0*s - 3 = -s. Suppose -f = -5*h + 50. List the prime factors of h.
31
Let m = 0 - -3. Suppose -5*b - 162 = -h, 0*h = 2*h - m*b - 352. What are the prime factors of h?
2, 7, 13
Let w be (-9)/(-2) + 3/(-6). Suppose y - 3*y + w*l = -290, -5*l + 110 = y. Suppose 13*v - 8*v - y = 0. What are the prime factors of v?
3
Let q be -4 + 8 + (0 - 2). Suppose q*w - 4*b = 8, 3*w - 3*b = b + 8. What are the prime factors of (w - (-37)/4)*4?
37
Suppose o + 3*b - 201 = -67, 0 = 4*o - 4*b - 584. List the prime factors of o.
11, 13
Suppose 5*v - 19738 = 8*i - 4*i, 4*i + 19722 = -3*v. What are the prime factors of (-3)/5 + i/(-20)?
2, 3, 41
Let z = 25 - 22. Let h(p) = 3*p**2 - 10*p**z - p - 1 + 28*p**3 - p + p. What are the prime factors of h(1)?
19
Suppose 10*p + 115965 = 37*p. What are the prime factors of p?
5, 859
Let f = 4314 + -969. List the prime factors of f.
3, 5, 223
Let n(k) = -3*k + 1. Let u be n(-1). Let q be ((-30)/12)/((-1)/2). Suppose 2*h - 72 = q*m, h - 49 = -0*h - u*m. What are the prime factors of h?
41
Let a(j) = -j + 13. Let m be a(10). Suppose -m*q + 0*q + 3*k = -546, -2*k = 4*q - 728. List the prime factors of q.
2, 7, 13
What are the prime factors of 1024 + (-99)/(-27) + 8/(-12)?
13, 79
What are the prime factors of 150*1*1776/96?
3, 5, 37
Let l(h) = 3*h**3 + 5*h**2 - 7*h + 18. Let v be l(-6). Let f = -207 - v. List the prime factors of f.
3, 67
Let y(t) = 3*t**2 + t + 1006. List the prime factors of y(0).
2, 503
Let k = -127 - -129. Let t = k + 93. What are the prime factors of t?
5, 19
Let o = -1234 + 2168. List the prime factors of o.
2, 467
Let m be 1*(-4)/(16/44). Suppose 0 = 3*c - t + 2*t - 88, 4*t - 44 = -c. Let r = c + m. What are the prime factors of r?
17
Let z(q) = 6*q**2 + 1. Let u be z(1). Suppose 3*w - x + u = 0, -5*w = 2*x + x + 7. List the prime factors of (w/6)/((-3)/558).
2, 31
Suppose 4*x - 5*m - 21 = 0, 5*x + m = -2*m - 20. Let h(b) = -36*b**3 + 24*b**3 + b + 2*b**2 - 45*b**3. List the prime factors of h(x).
2, 29
Let j(h) = h**2 + 6*h + 3. Let d be j(-6). Suppose 38 = d*a - 31. List the prime factors of a.
23
Suppose -2*u - 2*b = -8, 3*b + 2*b = -3*u + 14. Suppose -u*p - k - 10 = 0, -4*p - 4*k = k + 17. List the prime factors of (12/(-3) - p)*-63.
3, 7
Let g be 3 + 20/(-6) - 14/(-6). Suppose 5*l - g*x = 160, 4*l = 3*x - 0*x + 128. What are the prime factors of l?
2
Suppose 3*l + c = 2788, -4*c + 3*c - 1867 = -2*l. List the prime factors of l.
7, 19
Let x = -74 + -78. Let i = 257 + x. What are the prime factors of i?
3, 5, 7
Suppose -1 - 5 = 2*p. Let s(h) = 4*h**2 + 6*h - 20. Let o be s(3). What are the prime factors of o/p*(-36)/24?
17
Suppose 3*x = 5 - 2. Let g be -4*1/x - -2. What are the prime factors of g*(-6)/9*3?
2
Suppose 0 = -5*f - 3*d + 374, 2*d - 4 = 4*d. Suppose f = 3*q + q. Let a = q - -24. List the prime factors of a.
43
Let s(q) = q**2 + q + 23. Let p be (-7)/14*0/2. What are the prime factors of s(p)?
23
Let y = 489 + 810. List the prime factors of y.
3, 433
Let h = -1058 + 2063. What are the prime factors of h?
3, 5, 67
Suppose y - 4*r - 75 = 54, 2*r - 8 = 0. List the prime factors of y.
5, 29
Let k(r) = -3*r**3 - r**2 + 6*r + 13. Let s be k(-5). Let p = -233 + s. List the prime factors of p.
2, 5
Let u(q) = -50*q - 2. Let r be u(-3). Suppose 4*y - 101 = -5*d + 9, 0 = 5*y + d - r. Let t = -16 + y. List the prime factors of t.
2, 7
Let b(u) = 2*u**2 + 18*u - 17. Let d be b(-10). Suppose 5*t - d*t = 58. What are the prime factors of t?
29
Let l be (-6)/4 - 156/8. Let f be (-2 + l/(-9))*9. What are the prime factors of (1 - -1)*(f + 13)?
2
Suppose -o + 3*o = 4*i + 12, 3*o - 50 = -2*i. Suppose -4*a - 36 = a + 3*y, -5*a + 3*y = 54. Let w = o + a. What are the prime factors of w?
5
Suppose 4*w = 31 - 11. Suppose 2*i + 21 = -w*b, 2*i + 0*i - b - 9 = 0. What are the prime factors of i?
2
Suppose 55*z - 4*k = 57*z - 7052, 0 = -5*k + 10. List the prime factors of z.
2, 3, 587
Let q(x) = 4*x - 78. Let a be q(24). Suppose -43 = -4*n + 65. Let s = n - a. What are the prime factors of s?
3
Let z(r) be the first derivative of 28*r**2 - 4*r + 9. List the prime factors of z(1).
2, 13
Suppose 3*k + 7 = -b, -4*k = -2*b - 0*k + 26. Let g be (-5)/(-1) + (5 - b). Suppose -4*l + 5*l + 70 = 3*h, 118 = g*h - 3*l. What are the prime factors of h?
23
Let k(j) = 3*j**2 + j - 5. Let v be k(-4). Let d = 55 - v. Suppose d = 2*r - 30. List the prime factors of r.
23
Let q(z) = -z**3 - 3*z**2 - 3*z - 1. Suppose 0*k + 4 = -2*k. Let a be q(k). What are the prime factors of a/(3 - (-186)/(-63))?
3, 7
Suppose 21 = k - 3. Suppose -4*m - w = -199, 4*m + m - 2*w - 239 = 0. Let l = m - k. List the prime factors of l.
5
Let k be (-2)/8 + (-51)/(-12). Suppose -k*s - x = -0*x - 132, -x = -3*s + 106. Suppose 2*q - i - s = 2*i, -2*q + 30 = -2*i. What are the prime factors of q?
11
Suppose z = -2*z + 9. Let h be (3 - 13/z)*-3. Suppose 0 = -h*i + 5*i - 20. What are the prime factors of i?
2, 5
Let c(i) = 2*i**2 + i - 5. Let s be c(5). Let p = s - 24. What are the prime factors of p?
2, 13
Let p(v) = v + 9. Let d be p(-9). Suppose 31 = 3*u - 4*b, d = u - 2*b + 3 - 16. Suppose -y + 4*y + u*i = 45, 4*i = -5*y + 75. What are the prime factors of y?
3, 5
Suppose 0 = 4*r - 8, -p = 4*r - 3*r - 72. Suppose 0 = 3*y - p + 13. What are the prime factors of y?
19
Let l = 13 - 5. Let y(j) = j**3 - 8*j**2 - j + 2. Let k be y(l). Let t = k - -9. List the prime factors of t.
3
Suppose 13*c - 12*c = 5*n - 13795, -2*n + 5518 = 4*c. List the prime factors of n.
31, 89
Suppose 4*y = 197*h - 193*h - 5492, -3*y - 6875 = -5*h. List the prime factors of h.
2, 13, 53
Let c = -10869 + 16001. What are the prime factors of c?
2, 1283
Suppose -2*k - 5*i - 633 = -6679, 12118 = 4*k - 3*i. What are the prime factors of k?
2, 757
Suppose -24*r + 25 = -19*r. List the prime factors of r*(-3)/(-5)*(11 - -6).
3, 17
Let c(q) = 3*q**2 + 33*q + 33. What are the prime factors of c(-16)?
3, 7, 13
Suppose -5680 = -4*j - 2*y, -3*y - 18 + 12 = 0. What are the prime factors of j?
7, 29
Suppose q = -0*q - 3. Let c be 20/q*-3*-1. Let r = c - -28. What are the prime factors of r?
2
Suppose -2*o = 2*c - 2780, 36*o - 2777 = -2*c + 35*o. List the prime factors of c.
19, 73
Let p = 26 + -32. Let g = 3 + p. Let v(r) = -4*r + 12. What are the prime factors of v(g)?
2, 3
Let t(b) = -2*b**2 + 14*b - 5. Let r be t(6). What are the prime factors of (-23 - r)*16/(-6)?
2, 5
Let p = -109 - -193. Let k = -41 + p. List the prime factors of k.
43
What are the prime factors of (15/(-4) + 0)/(84/(-2688))?
2, 3, 5
Suppose 0 = 3*l - g - 329, -3*l + 321 = 2*g - 5*g. What are the prime factors of l?
3, 37
Suppose -2*k + 6 = 10. What are the prime factors of ((-19)/k)/((-6)/(-24))?
2, 19
What are the prime factors of ((-2420)/16)/(20/(-80))?
5, 11
Suppose -r - 26 = -5*s, 3*s + 7 - 29 = r. Let x(l) = l + 33. List the prime factors of x(r).
17
Let k be 7/21 + (-7)/3. Let u be (-1)/k + 10/(-20). Suppose 3*c - 86 = 4*l - 6*l, u = -4*